
-9 + -3 + (19 - -4)
11
Calculate -16 - -10 - -15 - (31 - (8 - 4)).
-18
(21 + 18 - 21) + -29
-11
What is the value of (0 - 0 - -13) + (-264 - -269)?
18
What is -2 + -2 + (-2 - 0) + 7?
1
What is (-13 + -6 - -1) + -1 - -3?
-16
What is the value of 8 + 2 - -3 - (4 + 0 + 4)?
5
8 - (-10 + 7 + -1 - -3)
9
Calculate 6 - ((7 + -3 - 4) + (47 - 52)).
11
(7 - 3) + 0 + -7 + (-5 - -7)
-1
What is 0 + -22 + -9 + 20 + (13 - 16)?
-14
Calculate (24 - 11) + -28 - -15.
0
Evaluate -3 - 23 - (-292 - -247).
19
28 + (-10 - (14 + -8)) + 9
21
Evaluate 4 - ((11 - 23) + (0 - 0)).
16
Evaluate 7 + 4 + -16 - -9.
4
(-5 - -2) + 2 + (8 + -30 - -32)
9
What is (7 - 10) + (-10 - -19)?
6
0 + 5 + -5 + -3 + 9 + -10
-4
What is the value of -2 + (-31 - -19) + 28?
14
Evaluate -5 + 5 - (-1 + 5) - -5.
1
Calculate 17 + -2 - (1 + (33 - 28)).
9
(-30 - -35) + (2 + -8 - 28)
-29
Calculate -21 + 0 + (15 - (26 + -28)).
-4
154 - 145 - (-1 + 28)
-18
Evaluate (4 - 1) + 10 + 3 - 7.
9
What is 7 + -4 - (2 - -8)?
-7
What is the value of (1 - -14) + -23 + -4 + 13?
1
33 + (-76 - (3 - 39))
-7
What is the value of -36 + (-41 - -119) - 54?
-12
What is the value of 47 + -45 - (-1 - 0)?
3
Evaluate -11 + -1 + -3 + 28.
13
Evaluate 4 + (3 - (7 + 1)) - 3.
-4
What is the value of (3 - 0) + -1 - -11?
13
Evaluate -1438 - -1453 - (-1 - -13).
3
(-977 - -905) + 44 + -1
-29
Calculate (-8 - -10) + 0 + -4 + (63 - 71).
-10
Evaluate -6 - -12 - (6 + (0 - (4 - -3))).
7
What is the value of -18 - -8 - (13 - 14)?
-9
What is -7 + (5 - 5) - (7 - 19) - -3?
8
Calculate 0 + -13 + 11 - (-32 + 29).
1
What is the value of -13 - (-40 + (13 - -3))?
11
-5 + 3 - (-18 - (10 - -2) - -11)
17
-17 - (-2 - (5 + 2))
-8
4 - (15 + -4) - (4 - 6)
-5
What is -1 + 0 + 8 + 5 + (4 - 10)?
6
What is 13 + -2 + 22 - 20?
13
Evaluate -19 - (25 + -52 - 7).
15
What is -158 + 146 - (4 - 2 - 10)?
-4
What is the value of 51 - 72 - (0 - 34)?
13
Evaluate 3 + 42 + -56 + 35.
24
What is 25 + (10 - 5) + -20 + 11?
21
What is (24 - 21 - (0 + -2)) + 19?
24
Evaluate (19 - 137 - -102) + -1 + 1 + -8.
-24
Calculate -8 + -3 + (6 - 0) + 17.
12
38 + (-28 + 0 - 0)
10
Calculate 9 - (11 + -3) - (2 - -7).
-8
What is (-81 - -91) + (1 - 1)?
10
What is 11 + -17 + 11 + (-4 - (23 - -4))?
-26
-29 - (-5 + -3 + 4 + 7 + 1)
-33
What is the value of -3 - (-3 - (11 - (6 - 5)))?
10
Calculate 1 - -5 - (0 - 3 - -8).
1
-5 + (7 - (0 - (-13 + 4)))
-7
Evaluate -17 + -2 + -12 + 4 + 22.
-5
Evaluate 6 + (-12 - -13) + -16.
-9
What is -244 - -244 - (0 + (-7 - -2))?
5
(9 - (7 + -1 + 1)) + -1
1
Calculate 3 - 4 - 0 - (2 - (-4 - -4)).
-3
What is the value of 22 + (-7 - -16 - 20)?
11
Evaluate -123 + 105 - (-2 + -7) - (13 + -3).
-19
What is the value of (12 - (17 + 5)) + 0?
-10
What is the value of (-6 - (8 + -13)) + 15 - 1?
13
Calculate -5 + (1 - (-13 - (-10 + 5))).
4
What is the value of -379 + 355 + 0 + 10?
-14
-6 + (2 + -8 + 6 - -5) + 13
12
12 + -3 + 1 + -5 - 10
-5
1 + 0 - (-68 - -76) - -8
1
What is the value of -14 + -13 + 19 + 2?
-6
Calculate 34 - ((-1 - (0 - -1)) + (-77 - -76)).
37
What is (-68 - -73) + 1 + 3 + -27?
-18
4 + (2 - -11) - 15
2
Calculate -7 + (10 - -21 - 2).
22
19 + -18 + -24 + -5
-28
What is the value of -2 - (-6 + -3) - (-1 + 11)?
-3
What is the value of (5 - (4 + -6)) + 24 + -31?
0
What is (-11 - -25) + -8 - (26 + -7)?
-13
Evaluate 9 + 10 + -30 + -8.
-19
What is the value of 10 - ((2 - 14) + 32 + -22)?
12
(3 - 8) + (1 - (7 + -10)) - -4
3
What is the value of -11 - (12 + -9 - 15)?
1
What is 3 - (4 + -9 - 1 - (-5 - -1))?
5
What is 16 - (7 + 5 + 3 + -8)?
9
Calculate 17 + -5 - (68 + -44).
-12
What is -9 + 14 + -6 + -5?
-6
Calculate -68 + 70 + (-11 - -2).
-7
What is (2 - (4 - 1)) + (-17 - (16 - 30))?
-4
Calculate -13 + 3 + 10 - -4.
4
Calculate 2 - (4 + 4) - (0 + -8) - -6.
8
What is the value of (-21 - -32 - (3 + -16)) + -8?
16
Evaluate 1 + (-1 + 0 - (2 + -9 - -14)).
-7
(-2 - 2 - -6) + (13 - 0 - 4)
11
Calculate (80 - 83) + (-2 - -9).
4
What is the value of 2384 - 2387 - (-2 + 9 + (-1 - 1))?
-8
What is 813 + -820 + (3 + -2 - 2 - -22)?
14
What is (0 + 14 - 27) + 2?
-11
What is the value of -12 + 16 - (18 + (-8 - -3))?
-9
What is the value of -20 + (19 - 19) + 20?
0
What is -13 - (1 + -3 + -6) - -2?
-3
What is the value of 2 + (11 - 1 - 15) + 4?
1
Evaluate -26 - 0 - (137 - 155).
-8
Calculate (-6 - (22 + -36)) + -15.
-7
Calculate 6 - (-9 + (8 - 3)).
10
Calculate -6 - ((-4 - (1 - (11 + -4))) + -17).
9
-6 - (-27 - (-5 + (-3 - -3) + 2))
18
Calculate -2 + (3 - -8) + (-14 - (-8 + -2)).
5
-7 - (1 + -32) - 14
10
Evaluate 7 + -5 + -7 + 0 - (25 + -60).
30
What is the value of 14 - (4 - 2) - (10 + 25 + -25)?
2
What is the value of -43 + (-34 - -65) - 10?
-22
What is (7 - -6) + (-19 + -2 - -6)?
-2
What is the value of 3 + -1 + -5 + 0 - (-134 + 99)?
32
Calculate 14 - (23 + -11) - (2 + 6).
-6
What is (-3 - 1 - -6) + -5 + 5 - -15?
17
What is the value of -70 - -110 - (54 - -4)?
-18
Evaluate (-1 - -27) + 3 - (38 - (-22 + 53)).
22
Evaluate (5 - 18) + -5 + 4.
-14
Calculate (50 - 22) + -37 + 9 + -1.
-1
0 - ((-2 - -1) + -15 + (7 - 4))
13
Evaluate 1 - (-3 - (-7 - 0) - 3 - -3).
-3
0 - (12 + -38 + -3 + 4 + -1)
26
Calculate -6 - -12 - (6 + 19 - 4).
-15
What is 51 - (5 - -44) - (1 - -19)?
-18
-3 + 0 - (15 - (30 - (23 - 30)))
19
Evaluate 27 - (10 + -15 + 0) - 13.
19
What is -37 + -1 - ((19 - 72) + 49)?
-34
What is 2 + (-5 - 27) + 8 - -10?
-12
63 + 30 + -14 + -45
34
Calculate (2 - (6 + -4 + 2 - 10)) + -5.
3
Calculate 11 + 3 + (-9 - 1).
4
Evaluate -24 + (24 - (-30 + 54)).
-24
What is -84 + 88 - (-13 + -18 + (-5 - -1))?
39
Calculate -15 - 1 - 2 - (-6 + 1 + 1).
-14
Evaluate -13 + -1 - (20 + -33 - -20).
-21
What is the value of (5 - (7 + -2 + 15) - -2) + -9?
-22
-1 + -6 - (27 - 11) - (3 - 9)
-17
What is the value of -1 + (-7 - -15 - (-5 + 8))?
4
What is 22 - (12 + 5 + -13)?
18
What is 9 + -1 + (-11 + 11 - -6)?
14
Evaluate -2 + 36 - 57 - -39.
16
What is the value of -4 - 4 - (1 + (-11 - -5)) - 0?
-3
34 + 29 + -39 + 4
28
What is the value of 9 + (0 - (-2 + 2) - 0) - 1?
8
-12 - (-14 + (6 - 2))
-2
What is the value of (-10 - -6 - -20) + -5 + -4 - 25?
-18
1 - (-12 + 26 + -15)
2
What is 15 + (-5 - 35 - -12)?
-13
-1 + -2 + 3 - 4 - (60 - 69)
5
What is the value of -4 - 0 - (-7 + (12 - 15))?
6
Evaluate -16 - (17 + -34 + 14).
-13
What is the value of 17 - (4 - -8 - -5 - 8)?
8
Evaluate 11 + (-2 - 2 - 0) + -1.
6
-1 - (3 + 2) - (8 + (-7 - 2))
-5
What is the value of 33 + -23 + -10 - ((0 - 1) + 2)?
-1
Calculate 2 + (-11 - -61) + -30.
22
Evaluate 9 + (-4 - 1 - -3) + -18.
-11
(0 + -6 + 16 - (-3 + 16)) + 0
-3
Evaluate -7 - (-15 + 36) - -5.
-23
What is (18 - 35) + 3 + 5 + -4?
-13
What is 7 + -4 + -2 + 4 + -11?
-6
Evaluate -25 + 36 + -8 - (-1 - -10).
-6
What is 0 - 12 - 15 - -17?
-10
What is the value of -2 - (8 + -18) - -15?
23
(6 - 35) + (28 - (22 - 6))
-17
Calculate -2 - ((-1 - -3) + -6 - (-12 + 13)).
3
Evaluate 8 - 4 - (13 - 14).
5
Calculate -9 + (-2 - (7 - 3) - (-6 - -1)).
-10
What is the value of 1 - (-6 - -18) - (-9 + 9)?
-11
1 + (5 - -1) - -3
10
Calculate 4 + (12 - -1) + 14 + -16 + -6.
9
What is 4 + (-3 - -15) - 27?
-11
What is 558 + -559 + 0 + (1 - 1)?
-1
What is 0 + -2 + 74 + -77 + 12 + 0?
7
-32 + (7 - 0) + 0 + 14
-11
What is the value of (-371 - -355) + (0 - -40)?
24
Evaluate 9 + -8 - (-15 + 9 + -2).
9
What is -9 - 2 - (-2 + -13)?
4
What is the value of 1 - -7 - ((-1 - -18) + -29)?
20
(-3 - -4 - -1) + (-30 - -18 - 2)
-12
Evaluate (2 - 56 - -21) + 33.
0
Evaluate -14 + 7 + (2 - (-9 + 27)).
-23
Evaluate 4 - (2 + -4) - ((-18 - -40) + -8).
-8
-4 + -17 + (3 - -13)
-5
Calculate -6 - (8 - (0 - -2)).
-12
(-2 - 10) + (-8 - 2) + 35
13
Calculate 3 - (1 + 19 - (-3 - -4)).
-16
Calculate (-2 - 3) + (124 + -133 - (0 - 1)).
-13
What is the value of 3 + (1 - -7 - (20 + (1 - -3)))?
-13
-20 + 1 + -15 + 38
4
What is 2 - 12 - (-6 - 17 - -37)?
-24
Calculate (-1 + -8 - -6) + (12 - 7) - -17.
19
-1 + -6 + (-92 - -100)
1
4 + ((-3 - 2) + 2 - 0)
1
Calculate -659 - -641 - (1 + 7) - (2 - -1).
-29
(-5 - (-4 + 10) - -6) + -5
-10
What is the value of 1 + -8 - (-15 - (0 + -30))?
-22
Evaluate 20 + (-16 + -3 - (1 + -10)).
10
What is 253 + -246 - (6 - -2)?
-1
What is the value of 17 - (-6 + 15) - (2 - -18)?
-12
Calculate -6 + 0 + (1 - 0 - -3 - 12).
-14
What is 3369 + -3384 + (0 - 14)?
-29
What is (9 + 5 - -5 - 9) + 23?
33
What is 225 + -199 - (41 + 1)?
-16
7 - (-10 - -8 -